Let l = -26029 + 50203. Calculate the greatest common divisor of l and 153.
153
Let s be ((-27)/(4455/(-22)) - 38751/45)*-1. What is the highest common divisor of 105 and s?
21
Let r = -978 + 991. Suppose f - 13 = -w, -3*f = 2*f - 4*w - 56. Suppose -14 = -2*k + f. Calculate the highest common factor of k and r.
13
Let v(k) = 5*k - 107. Let a be v(-11). Let x = 184 + a. Calculate the highest common divisor of 55 and x.
11
Suppose s - 96 = -2*r, 5*s - 5*r - 428 = -2*r. Calculate the greatest common divisor of 506 and s.
22
Suppose 6*a + j = 22951 - 1897, 4*a - 14036 = 3*j. What is the greatest common divisor of 1331 and a?
121
Let m be (-2)/(-11) + 3825/(-165). Let b = 51 + m. Suppose 5*k + 8 = k, 4*j = -k + 110. Calculate the greatest common factor of j and b.
28
Let b(i) = 35*i**2 - 99*i - 431. Let n be b(-4). What is the highest common divisor of 75 and n?
75
Let u = 1304 - 772. Suppose 0 = 55*h - 53*h - 56. Calculate the highest common factor of h and u.
28
Let i be (-961)/(-248) + (-4 - 33/(-8)). Let w = 3 - 6. Let k be 23 - ((-18)/w)/2. What is the highest common factor of k and i?
4
Let w = 1182 - 797. Let q be w/2 + (-12)/24. What is the greatest common factor of 72 and q?
24
Let c = 95 + -51. Let q be -2 + 1 + (-7)/((-14)/c). Let f(p) = 5*p - 72. Let u be f(q). Calculate the greatest common divisor of u and 3.
3
Suppose -18*v - 2*s = -6602, -5*v = s - 1892 + 55. What is the greatest common divisor of 2318 and v?
122
Let k(m) = -42*m + 397. Let p be k(9). Calculate the greatest common factor of 19703 and p.
19
Suppose -41581 + 13033 = -60*l + 40092. What is the greatest common divisor of l and 104?
104
Suppose -2*p = g + 6 - 0, 3*p = 5*g - 22. Suppose -r + g*w + 2 = -0, 3*r - 3*w - 12 = 0. Calculate the highest common divisor of 15 and r.
3
Suppose -h + 137 = 30. Let f = h - -46. Let o be ((-368)/276)/(8/(-54)). Calculate the greatest common factor of f and o.
9
Suppose -4*w + 40 = 52, -5*w - 15 = 5*t. Suppose t = -24*h + 58 - 10. What is the highest common factor of h and 7?
1
Let w(k) = k**3 + k**2 - 74. Let c be w(0). Let b = 3764 + -3663. Let r = b + c. What is the greatest common factor of r and 81?
27
Suppose 136*g = 132*g + 448. Suppose -12*p + g = -10*p. Calculate the greatest common divisor of 32 and p.
8
Suppose 10*n + 33 - 153 = 0. Suppose 360 = -6*m + n*m. What is the greatest common factor of 105 and m?
15
Suppose 4*i = -0*i + 8. Suppose 2*l = -0*l + 5*p + 70, i*l = -3*p + 38. Suppose d + 5 = l. Calculate the greatest common factor of 20 and d.
20
Suppose -3*i + 6520 = 2*f, 7*i = 4*i - 12. Calculate the highest common factor of 568 and f.
142
Suppose 21*b + 54 = -9. Let n be (2/2)/((b/66)/(-1)). What is the highest common divisor of n and 374?
22
Let y(c) = -c**3 + 29*c**2 + 29*c + 33. Let m be y(30). Suppose 3*b = -g + 271 + 460, -2*g - 725 = -m*b. Calculate the highest common divisor of 54 and b.
27
Let b be 192/56*(0 - 0 - (-511)/2). Calculate the highest common factor of b and 96.
12
Let o = 6224 + -6220. Suppose -4*l = -6*l - 3*u - 9, 0 = 5*u + 25. Let x(v) = -v**2 + 2*v + 4. Let r be x(l). Calculate the greatest common factor of o and r.
1
Let j(s) = 18*s**3 + 28*s + 4. Let o(u) = u**3 + u**2 + u + 1. Let t(a) = j(a) - 4*o(a). Let p be t(3). Calculate the greatest common divisor of 46 and p.
46
Suppose -q + 117 = 5*y, -4*q - y - 3*y = -516. Let d = 1494 - 1384. What is the highest common factor of d and q?
22
Suppose 3*m - 46 = -40. Suppose 0 = 5*f + m*b - 562, 3*f - 3*b = 415 - 61. Calculate the highest common divisor of f and 285.
57
Let v = 478 - 479. Suppose 2*u - 6 = -u. Let r be (u/10 + v)*495/(-2). What is the greatest common divisor of r and 22?
22
Let b be (10 - (-253)/(-44))/(3/12). What is the greatest common divisor of b and 1581?
17
Suppose 23*i + 2030 = 6. Let v be 11/i + (-2163)/(-24). Calculate the greatest common factor of v and 15.
15
Let s be ((19 - 1484/42) + 8/6)*-45. Calculate the greatest common factor of 243 and s.
27
Let a be 4*(2116/8 + 10). Calculate the greatest common factor of 18 and a.
18
Suppose -2*m + 68 = -3*a + 9, 4*a = 4*m - 116. Suppose -5*i - 8 + m = 0. Let b be 2/4 + 46/i + -1. Calculate the greatest common divisor of b and 33.
11
Let z(g) = -2*g**3 + 17*g**2 + 16*g + 24. Let h be z(8). Calculate the highest common factor of 1836 and h.
108
Suppose 669 = 4*u - z, -4*u + 874 = 2*z + 208. Let v = u + -78. Suppose 0 = 3*y - v + 71. Calculate the highest common divisor of 6 and y.
6
Let q(t) = -1073*t - 54 + 1071*t - 4. Let l be q(-12). Let y = 160 + l. Calculate the greatest common factor of 36 and y.
18
Suppose 7351 = 3*i - b, 4*i - 9540 = -3*b + 231. What is the highest common factor of 576 and i?
144
Let x be ((-68)/(-7))/((68/14)/17). What is the greatest common divisor of 9469 and x?
17
Let x(d) = -4*d + 4. Let t(o) = -o + 1. Let n(i) = -7*t(i) + 2*x(i). Let r be n(-16). Calculate the greatest common divisor of r and 425.
17
Let u(z) = 14*z + 6. Let m be u(6). Let h = 189 - 209. Let v = h + 56. Calculate the greatest common factor of v and m.
18
Let i = -325 + 345. Let y(b) = 3*b**2 - 2*b. Let a be y(-2). Suppose -i*x + 248 = -a*x. What is the greatest common divisor of x and 155?
31
Let q(r) = 361*r + 156. Let m be q(0). What is the greatest common factor of 3172 and m?
52
Let g(d) = d**3 + 26*d**2 - 199*d - 20. Let k be g(7). What is the greatest common factor of 1802 and k?
34
Let o(r) = -r**2 + 16*r + 8. Let f be o(16). Let q = 726 + -470. Calculate the highest common factor of f and q.
8
Let c be -5 + 3 + 3 + -7. Let s be (16/20)/(c/(240/(-4))). What is the highest common factor of 20 and s?
4
Suppose -67 = -4*j + 197. Let g = j - 34. Suppose 4*x = -12, -6*a + 4*a + g = 4*x. What is the highest common divisor of a and 88?
22
Let r(m) = 3*m**2 - 46*m - 1202. Let a be r(-14). Let y be (200/(-12))/((-2)/3). Suppose 0 = -g + y + 80. What is the highest common divisor of g and a?
15
Suppose -5*z - 352 = -3*a, 4*a + 2*z - 558 = -106. Suppose -66 + a = 6*h. Calculate the highest common divisor of h and 40.
8
Suppose -l + 5*w - 4 = -32, l - 7 = -2*w. Suppose 15082 + 12428 = 615*a - 124395. What is the greatest common factor of l and a?
13
Suppose 2*r = -5*j + 198, -3405 + 3483 = 2*j + r. Suppose 9*h + 1323 = 12*h. Calculate the greatest common factor of h and j.
21
Let a(c) = 2*c**2 - 43*c + 44. Let g be a(23). Suppose g*y - 121*y = -312. Calculate the greatest common factor of y and 195.
39
Suppose 700 - 293 = 2*m - 1267. Calculate the greatest common divisor of m and 162.
27
Suppose 0*v + 3*v = 60. Let g(p) = 5*p**2 - 14*p + 25. Let q be g(3). What is the highest common factor of v and q?
4
Let s be 18018/35 + 1/5 + 0. Suppose 3*b + s = 8*b. Let k = b + -102. What is the highest common factor of k and 1?
1
Suppose -5*w - 260 = -2*l - 3*l, 2*l + 3*w = 99. Suppose 0 = -l*p + 41*p + 1680. Calculate the highest common factor of p and 63.
21
Suppose -161*s = -211*s + 900. What is the greatest common factor of 8406 and s?
18
Let a be (140/42 - 14)/(10/(-15)). Calculate the greatest common divisor of a and 2032.
16
Let l be 3 + 2 + -3 + -24. Let b = -126 - l. Let o = b + 112. Calculate the greatest common divisor of 88 and o.
8
Let l(y) = y**3 - 30*y**2 + 27*y + 58. Let p be l(29). Suppose 3*k = 12, p = 5*c - 9*k + 13*k - 611. Calculate the greatest common factor of c and 17.
17
Suppose 0 = 5*b + 21288 - 49928. Calculate the highest common factor of b and 32.
32
Suppose -2337 = -w + j - 3*j, 4*w - 9333 = -3*j. What is the greatest common divisor of w and 231?
21
Let f(u) = -u**2 + 45. Let x be f(-7). Let g be 374/((-1)/(2/x)). Let n = -23 - -40. Calculate the highest common divisor of g and n.
17
Let a = -3300 + 3786. What is the highest common factor of 54 and a?
54
Let t(c) = c**3 - 6*c**2 + 2*c - 5. Let h be t(5). Let d = -4 - h. Let a = 2658 + -2594. What is the greatest common factor of d and a?
16
Suppose -7*u + 3*g = -6*u + 70, -386 = 5*u - 3*g. Let l = u + 177. What is the greatest common factor of l and 14?
14
Let r be -1 + (-1 - -3 - -8). Let y(p) = 4*p**2 + r - p**3 + 4*p**2 + 1. Let l be y(8). Calculate the greatest common divisor of l and 50.
10
Suppose -4*b + 96 = 2*d, 2*b - 15 - 45 = -4*d. Suppose 3*o - 2*o + 5 = 5*u, -u + b = 4*o. Calculate the highest common diviso